e factors of 48023?
48023
What are the prime factors of 4055733?
3, 11, 71, 577
What are the prime factors of 3447389?
11, 313399
List the prime factors of 32479441.
59, 211, 2609
What are the prime factors of 21266056?
2, 7, 379751
List the prime factors of 37050.
2, 3, 5, 13, 19
What are the prime factors of 2037263?
17, 119839
What are the prime factors of 163804?
2, 31, 1321
What are the prime factors of 128555?
5, 7, 3673
What are the prime factors of 1540462?
2, 7, 11, 1429
List the prime factors of 2605437.
3, 17, 17029
List the prime factors of 14761815.
3, 5, 984121
What are the prime factors of 492535?
5, 98507
What are the prime factors of 2629635?
3, 5, 175309
What are the prime factors of 7749214?
2, 11, 352237
What are the prime factors of 187639?
187639
What are the prime factors of 493778?
2, 246889
What are the prime factors of 3890486?
2, 1945243
List the prime factors of 2904561.
3, 11, 29339
What are the prime factors of 318014?
2, 29, 5483
List the prime factors of 33271.
7, 97
What are the prime factors of 9221203?
9221203
What are the prime factors of 511228?
2, 127807
What are the prime factors of 702658?
2, 11, 19, 41
List the prime factors of 5282413.
587, 8999
What are the prime factors of 25738774?
2, 12869387
What are the prime factors of 198621?
3, 29, 761
List the prime factors of 6369127.
6369127
What are the prime factors of 10243?
10243
What are the prime factors of 5910329?
2011, 2939
What are the prime factors of 4123277?
149, 27673
List the prime factors of 863330.
2, 5, 13, 29, 229
What are the prime factors of 61718?
2, 30859
What are the prime factors of 27987407?
7, 29, 137869
What are the prime factors of 13333?
67, 199
List the prime factors of 2811665.
5, 562333
List the prime factors of 19329095.
5, 3865819
What are the prime factors of 3443861?
3443861
What are the prime factors of 202753?
202753
What are the prime factors of 2042620?
2, 5, 41, 47, 53
What are the prime factors of 422689?
422689
List the prime factors of 3292417.
31, 106207
What are the prime factors of 1749308?
2, 11, 83, 479
What are the prime factors of 3576511?
17, 101, 2083
What are the prime factors of 305505?
3, 5, 31, 73
List the prime factors of 636553.
636553
List the prime factors of 805982.
2, 402991
What are the prime factors of 6084266?
2, 17, 149, 1201
What are the prime factors of 328923?
3, 7, 23, 227
List the prime factors of 75242.
2, 17, 2213
List the prime factors of 229604.
2, 61, 941
What are the prime factors of 740831?
7, 13, 1163
List the prime factors of 5554552.
2, 694319
What are the prime factors of 425159?
7, 60737
List the prime factors of 15577607.
1259, 12373
List the prime factors of 10710872.
2, 31, 43189
What are the prime factors of 922895?
5, 131, 1409
What are the prime factors of 7986596?
2, 1996649
What are the prime factors of 5657711?
5657711
List the prime factors of 3711563.
3711563
List the prime factors of 228867.
3, 76289
List the prime factors of 199217.
73, 2729
List the prime factors of 957937.
957937
List the prime factors of 1747797.
3, 683, 853
List the prime factors of 2700777.
3, 900259
List the prime factors of 1091284.
2, 19, 83, 173
What are the prime factors of 252334?
2, 71, 1777
List the prime factors of 6417312.
2, 3, 11, 59, 103
List the prime factors of 941191.
31, 97, 313
List the prime factors of 19679258.
2, 9839629
List the prime factors of 37104.
2, 3, 773
List the prime factors of 2872195.
5, 574439
List the prime factors of 21143100.
2, 3, 5, 11, 43, 149
What are the prime factors of 9653323?
9653323
List the prime factors of 40494821.
40494821
List the prime factors of 3745857.
3, 151, 8269
What are the prime factors of 2791111?
17, 164183
What are the prime factors of 1285387?
17, 75611
What are the prime factors of 5390608?
2, 103, 3271
List the prime factors of 7786054.
2, 3893027
What are the prime factors of 79146?
2, 3, 4397
What are the prime factors of 7340644?
2, 1835161
List the prime factors of 27943351.
331, 84421
List the prime factors of 2091449.
2091449
List the prime factors of 14903506.
2, 29, 256957
What are the prime factors of 3267881?
103, 31727
What are the prime factors of 280585?
5, 17, 3301
List the prime factors of 18989917.
37, 59, 8699
List the prime factors of 1010955.
3, 5, 11, 557
List the prime factors of 1206709.
7, 19, 43, 211
What are the prime factors of 114135?
3, 5, 7, 1087
What are the prime factors of 679599?
3, 75511
List the prime factors of 3047546.
2, 23, 97, 683
List the prime factors of 3427717.
37, 92641
List the prime factors of 4628576.
2, 109, 1327
What are the prime factors of 24392366?
2, 73, 167071
List the prime factors of 455943.
3, 19, 421
What are the prime factors of 182607?
3, 60869
What are the prime factors of 1512938?
2, 7, 53, 2039
List the prime factors of 201357.
3, 13, 1721
What are the prime factors of 174505?
5, 17, 2053
What are the prime factors of 657544?
2, 82193
List the prime factors of 41970.
2, 3, 5, 1399
What are the prime factors of 20821382?
2, 10410691
What are the prime factors of 3462283?
11, 163, 1931
What are the prime factors of 3084052?
2, 771013
List the prime factors of 378697.
11, 173, 199
List the prime factors of 237826.
2, 118913
What are the prime factors of 16204649?
29, 558781
List the prime factors of 1207137.
3, 402379
List the prime factors of 1573303.
1573303
List the prime factors of 3717766.
2, 13, 23, 6217
List the prime factors of 2983768.
2, 372971
List the prime factors of 1568720.
2, 5, 19609
List the prime factors of 186285.
3, 5, 11, 1129
List the prime factors of 16786460.
2, 5, 839323
What are the prime factors of 9688424?
2, 83, 14591
List the prime factors of 60946.
2, 31, 983
List the prime factors of 65485.
5, 7, 1871
What are the prime factors of 3447986?
2, 83, 20771
List the prime factors of 7648378.
2, 3824189
List the prime factors of 1604749.
17, 94397
What are the prime factors of 1579?
1579
List the prime factors of 1171966.
2, 373, 1571
List the prime factors of 27486257.
251, 109507
List the prime factors of 177868.
2, 53, 839
What are the prime factors of 801384?
2, 3, 33391
What are the prime factors of 49122?
2, 3, 2729
List the prime factors of 6516875.
5, 10427
List the prime factors of 11029500.
2, 3, 5, 19, 43
List the prime factors of 678165.
3, 5, 29, 1559
List the prime factors of 8255936.
2, 13, 9923
What are the prime factors of 18631072?
2, 582221
What are the prime factors of 1135966?
2, 13, 43691
What are the prime factors of 1270831?
89, 109, 131
List the prime factors of 1406242.
2, 703121
What are the prime factors of 9550321?
11, 868211
What are the prime factors of 18494696?
2, 11, 73, 2879
List the prime factors of 172765.
5, 109, 317
What are the prime factors of 198030?
2, 3, 5, 7, 23, 41
List the prime factors of 1719095.
5, 7, 49117
List the prime factors of 661401.
3, 13, 5653
List the prime factors of 51780.
2, 3, 5, 863
What are the prime factors of 3226546?
2, 101, 15973
What are the prime factors of 16937173?
11, 137, 11239
List the prime factors of 267688.
2, 33461
List the prime factors of 841543.
659, 1277
What are the prime factors of 990690?
2, 3, 5, 33023
What are the prime factors of 8579355?
3, 5, 19, 30103
List the prime factors of 48081.
3, 11, 31, 47
List the prime factors of 226238.
2, 31, 41, 89
List the prime factors of 152470.
2, 5, 79, 193
What are the prime factors of 22116295?
5, 4423259
List the prime factors of 863622.
2, 3, 1777
What are the prime factors of 1981924?
2, 7, 70783
What are the prime factors of 218615?
5, 23, 1901
List the prime factors of 2999345.
5, 599869
What are the prime factors of 600792?
2, 3, 25033
What are the prime factors of 5201742?
2, 3, 7, 13, 1361
What are the prime factors of 12080667?
3, 4026889
What are the prime factors of 802468?
2, 17, 11801
List the prime factors of 977698.
2, 179, 2731
List the prime factors of 2333126.
2, 1166563
List the prime factors of 771877.
771877
What are the prime factors of 2569574?
2, 7, 29, 6329
What are the prime factors of 519924?
2, 3, 37, 1171
What are the prime factors of 5043848?
2, 630481
List the prime factors of 890825.
5, 13, 2741
List the prime factors of 10892787.
3, 3630929
What are the prime factors of 